is the remainder when r(-16) is divided by 10?
6
Calculate the remainder when ((-2)/(-3))/(145/870) + 485/1 is divided by 118.
17
Suppose j + 5*p - 28 = 0, -3*p + 74 = 78*j - 73*j. What is the remainder when 7058 is divided by j?
12
Suppose -q - 3*q = -8, d = -3*q - 89. Let w = d - -223. What is the remainder when w is divided by 13?
11
Let u be 2 + 0 + -1 - -3. Suppose 4*v = v + 2*h + 37, u*v = h + 51. Suppose -51*r + 52*r = 45. What is the remainder when r is divided by v?
6
Suppose -8 = -v - b - 2, -24 = -3*v - 5*b. Calculate the remainder when 518 is divided by (116/12 - 3)/(v/9).
18
Suppose -45 = -3*f - 2*f + 5*j, -3*f + 47 = 2*j. Let d be 25/(20/4) + (-1 - -1). What is the remainder when 36/(-45) + 124/d is divided by f?
11
Suppose -52*h - 48 = -56*h. Let k = -474 + 542. Calculate the remainder when k is divided by h.
8
Suppose 4 - 40 = -4*b + 4*h, -4*h + 42 = 2*b. Suppose -2*a + 6*s = -220, -12*s = -3*a - 17*s + 232. Calculate the remainder when a is divided by b.
11
Let a be -8 - (-3)/(-1) - 2. Let u(k) = -6*k - 67. What is the remainder when 38 is divided by u(a)?
5
Let f be ((-18 - -10) + 9)*6. Let k(d) = 3 + 3*d - d**3 + 1 + 6*d**2 + 6. Calculate the remainder when k(f) is divided by 6.
4
Let c(g) = -g**2 + 6*g - 2. Let k be c(3). What is the remainder when 1*k/((-7)/(-109)) is divided by 56?
53
Suppose 3*s + 232 = 4*j, 0 = 6*j - 5*j + s - 65. Let m = j - 36. Calculate the remainder when 46 is divided by m.
21
Let s(g) = 4*g**3 - 10*g**2 + 24*g - 11. What is the remainder when s(2) is divided by (9/(-1) - 5)/(-2)?
1
Suppose 0 = -2*d - 3*d + 25. Suppose -3*k + 4*l = 2*l + 8, -5*k - d = 5*l. Calculate the remainder when (-21)/k - -2 - 1/2 is divided by 8.
4
Calculate the remainder when (16/(1360/(-2601)))/(1/(-65)) - -6 is divided by 36.
15
Let j(a) be the third derivative of 5*a**4/24 + a**3/3 + a**2. Let k = 8225 + -8222. Calculate the remainder when 65 is divided by j(k).
14
Let n = 191 + -120. Suppose 12 = 6*w + 60. Let z(y) = -y + 16. What is the remainder when n is divided by z(w)?
23
Let f(m) = -10*m + 2454. Calculate the remainder when f(76) is divided by 8.
6
Let u = -43 + 45. Let n be (-32)/(u - 6) + -5. Suppose -n*d + 36 = -48. Calculate the remainder when 55 is divided by d.
27
Calculate the remainder when (17/(-3))/(-5 + -4 - (-2536)/282) is divided by 54.
43
Let d(x) = -121*x - 2827. Calculate the remainder when d(-38) is divided by 589.
4
Let m(j) = 5*j + 30. Let x be m(-6). Suppose -5*y + 53 = z, x*z + z = 2*y + 46. What is the remainder when 93 is divided by z?
45
Let f be (-6 + 1)/15*12. What is the remainder when f - (0 - 27/3) is divided by 6/(-9) + 8/3?
1
Let k(g) = -40*g**2 - 229*g - 3. Calculate the remainder when k(-5) is divided by 96.
46
Suppose 2 = y + 23. Let s(a) = 4*a**2 + 3*a + 3. Let q be s(-3). Let c = q + y. What is the remainder when 32 is divided by c?
5
Let l = 288 + -279. Suppose 0 = -2*i + 2, -4*x + l*x - 917 = -2*i. What is the remainder when x is divided by 89?
5
Calculate the remainder when 1938 is divided by (-144)/(-36) + (1 - -66).
21
Let g(k) = -k**2 + 49*k + 127. Calculate the remainder when 2999 is divided by g(51).
24
Let y be (5/15*-4)/(2/(-687)). Let u = 517 - y. What is the remainder when u is divided by 27?
5
Let a be (78/12 + -6)/((-2)/(-12)). Suppose -3*z + 35 = d, 11*d - a*z - 211 = 6*d. Let v = 1 + 6. Calculate the remainder when d is divided by v.
6
Calculate the remainder when ((2*1)/(25/(-5)))/((-23)/3680) is divided by 22/(-3)*(-9)/2.
31
Calculate the remainder when ((-352)/1320 - 128/60)*955/(-2) is divided by 6.
0
Suppose 65*k + 2*k - 5130 = 13*k. Calculate the remainder when k is divided by 28.
11
Let x = 228 + -321. Let t = 119 + x. Let a(i) = 3*i**2 + 3*i + 1. What is the remainder when t is divided by a(-2)?
5
Suppose 40 - 28 = 6*i. Suppose 0 = w + i*w - 4*t - 665, -w + 220 = -t. Calculate the remainder when w is divided by 36.
35
Suppose 0 = -7*x + 7 - 7. Suppose x = -5*u + 59 - 4. Calculate the remainder when (-2)/(-6) + 652/6 is divided by u.
10
Let k = 2470 - 2393. What is the remainder when k is divided by 11?
0
Suppose 4*g - 2*m = 392, 3*g + 4*m = 103 + 202. Suppose t + 2*w = 48, 0*t - 2*w + 248 = 5*t. Calculate the remainder when g is divided by t.
49
Let o(c) = 112*c**2 - 1. Suppose 5*w + 3 - 8 = 0. Let m(y) = 956*y + 72685. Calculate the remainder when o(w) is divided by m(-76).
24
Suppose 2*v + v + b = -101, 3*b - 17 = v. Let m = v - -58. Suppose -113 = -y - 4*i, 0*i - 511 = -5*y - 2*i. Calculate the remainder when y is divided by m.
23
What is the remainder when -37*43/(-2) - (-7 + 165/22) is divided by 68?
47
Let b = -84 + 186. Suppose b = 6*z - 6. Let d(m) = m - 8. Calculate the remainder when d(z) is divided by 3.
1
Suppose -35*f - 6*f + 16810 = 0. Calculate the remainder when f is divided by 131.
17
Suppose 6*d + 19*d - 10467 - 9808 = 0. What is the remainder when d is divided by 74?
71
Suppose -4*q + 967 = 47. Suppose -4*j = -3*l + 152, -3*l = j - q + 58. What is the remainder when 90 is divided by l?
34
Suppose 7522 = 52*c - 4675 - 543. Calculate the remainder when 4899 is divided by c.
244
Suppose 16*u = -33*u + 4786 + 996. What is the remainder when 1775 is divided by u?
5
Calculate the remainder when -1*(-686 + 0) + -7*(-6)/7 is divided by 138.
2
Suppose -5*j + 32719 = 2*r - 9*r, 0 = -2*j - r + 13080. What is the remainder when j is divided by 60?
1
Suppose -22*d - 1020 = -27*d. Calculate the remainder when d is divided by 32.
12
Let a(z) be the third derivative of z**4/8 + 3*z**3 - 71*z**2. What is the remainder when (15/25)/((-3)/(-165)) is divided by a(-3)?
6
Suppose -9*j + 1222 = -1382 - 3084. Calculate the remainder when j is divided by 622.
10
Suppose 5*m = 2*m + 2067. Let w = m - 282. What is the remainder when w is divided by 41?
38
What is the remainder when (-370623)/(-22) + (5 - 1 - 217/62) is divided by 117?
116
Suppose -3002 + 588 = -20*p + 2126. Calculate the remainder when p is divided by 108.
11
Let a be -1*(30/25)/(2/30). Let x be a/45 + 182/5. Suppose -36 = -4*k - 2*t + x, 5*k + t - 87 = 0. Calculate the remainder when k is divided by 10.
7
Let v(b) = 5*b**2 - 65*b + 106. What is the remainder when 162 is divided by v(0)?
56
Let z(x) = -45*x - 30. Let h be z(-2). Let q(w) = w**2 - 55*w - 293. Let r = -33 + 73. Calculate the remainder when r is divided by q(h).
5
Let p = 2508 - 1875. Calculate the remainder when p is divided by 172.
117
Let i = -9445 + 16124. Calculate the remainder when i is divided by 51.
49
What is the remainder when (-458)/(-3) - (-4)/(-6) is divided by (-201)/(-4) + (13/(-156) - (-11)/6)?
48
Let s = 3472 - 3302. What is the remainder when s is divided by 88?
82
Let h = 8948 + -8802. Suppose -r - 3 = 0, 3*r - 220 = 4*v - r. Let y = h + v. Calculate the remainder when y is divided by 18.
16
Let a(n) = n**3 + 2*n**2 - 2*n + 31. Let g(w) = -w**2 - 15*w + 25. Let o be g(-12). Let p = o + -61. What is the remainder when a(p) is divided by 16?
15
Let c = -739 - -786. Calculate the remainder when 69 is divided by c.
22
Let h = -8162 + 8334. Calculate the remainder when 5154 is divided by h.
166
Let p(x) be the third derivative of -3*x**4/8 - 91*x**3/6 - 66*x**2 - x. Calculate the remainder when 128 is divided by p(-14).
23
Suppose -5*n + 10*n + 3*i = -141, -5*n = -2*i + 131. Let s = n - -34. Suppose -s*j + 41 = -8. Calculate the remainder when 16 is divided by j.
2
Suppose g - 15*g + 2645 + 351 = 0. Calculate the remainder when 645 is divided by g.
3
Let m = 19789 - 11468. What is the remainder when m is divided by 25?
21
Let l(j) = -4*j**2 + 4328 - 2*j**3 - 8*j**2 - 10*j - 4331. What is the remainder when l(-7) is divided by -42*(2/(-2) - 0)?
39
Suppose 2*w + 2*a + 170 = 0, -95 = w + 2*a - 6*a. Let x = 203 + w. Suppose -3*r + 4 = -x. What is the remainder when r is divided by 14?
12
Let y(w) = w**2 - 3*w + 5. Let i be y(6). Suppose -i*p = -18*p - 360. Let j = p - 60. What is the remainder when 46 is divided by j?
10
Let k(o) = o**3 - 7*o**2 - 5*o - 4. Suppose 1360 = 7*r - 15*r. Calculate the remainder when 7/((-35)/r) + 2 is divided by k(8).
16
Suppose -2*l - 3*n + 249 = 0, 16*l - 11*l - n = 665. Let v = 84 - 57. Calculate the remainder when l is divided by v.
24
Let s(w) = -4*w**2 + 32*w + 5. Let h be s(8). Supp